 is -119941 + 444?
-119497
In base 14, what is -b7348a + 4?
-b73486
In base 7, what is 55136 - -16452?
104621
In base 16, what is 1850 - -5aa6?
72f6
In base 4, what is -300 + 11121211?
11120311
In base 9, what is 37 + -4453871?
-4453833
In base 15, what is db + ae6b?
b057
In base 14, what is 781 + -9b8d?
-940c
In base 10, what is 582787 - -4?
582791
In base 12, what is -17a018 + -66?
-17a082
In base 15, what is -11c6 + b19?
-5ac
In base 10, what is 53070542 + 3?
53070545
In base 4, what is -100013101220 + 0?
-100013101220
In base 13, what is 2 + cb6263?
cb6265
In base 4, what is -1 - 202323110221?
-202323110222
In base 3, what is -122010 + 111122220111?
111122021101
In base 8, what is -100563120 + 5?
-100563113
In base 7, what is -25056 - 2336?
-30425
In base 3, what is 1122102201 + -2210?
1122022221
In base 2, what is -101 + -1011001000100001110011?
-1011001000100001111000
In base 13, what is -12 + 16a41a?
16a408
In base 14, what is db - 58a06?
-58909
In base 11, what is -12 + 197023?
197011
In base 15, what is 1 - 45915a?
-459159
In base 4, what is 312223120 + -1033?
312222021
In base 16, what is 217309 - -229?
217532
In base 15, what is 2159 - 5b4?
1a95
In base 4, what is 210 - 111320233000?
-111320232130
In base 4, what is -111221021021 + 213?
-111221020202
In base 3, what is 100000 - -122002021?
122102021
In base 10, what is 32 - -1349563?
1349595
In base 6, what is -335 + -24120331?
-24121110
In base 6, what is -215314 - -1055?
-214215
In base 2, what is -110001000010111 + 11011000000?
-101101101010111
In base 7, what is -550 - -210111?
206231
In base 16, what is -f61216 + 3?
-f61213
In base 14, what is 152399ba - -6?
152399c2
In base 16, what is 8824e + 7a?
882c8
In base 10, what is 36412 - -134?
36546
In base 4, what is -100002030033 - 12?
-100002030111
In base 6, what is 1241 - -423154?
424435
In base 8, what is -1124522625 + 0?
-1124522625
In base 16, what is -4d4e9f + -5?
-4d4ea4
In base 4, what is -10111121032212 + 3?
-10111121032203
In base 8, what is 51 + -156500?
-156427
In base 10, what is 31425 + -2658?
28767
In base 14, what is -6 - 1b1597d?
-1b15985
In base 14, what is 747 + -bb8?
-471
In base 16, what is 1510 + -8651?
-7141
In base 13, what is 4 + b00b90?
b00b94
In base 12, what is -111a7b - a?
-111a89
In base 6, what is 332214 + -2104?
330110
In base 10, what is 44841156 - 5?
44841151
In base 16, what is 15106e - 0?
15106e
In base 10, what is -5 + -367943?
-367948
In base 2, what is 110001001110 - -11000111100100?
11111000110010
In base 9, what is -3455 + 51788?
47333
In base 15, what is 115418e - -1?
1154190
In base 4, what is -3 + -3001013333?
-3001020002
In base 10, what is -1 - 2875819?
-2875820
In base 7, what is 16 + 162425632?
162425651
In base 3, what is -121 - 101212011120?
-101212012011
In base 14, what is -4882a + -791?
-491bb
In base 10, what is -230991443 - 5?
-230991448
In base 8, what is 77527154 - -15?
77527171
In base 14, what is -5 - 357b455?
-357b45a
In base 9, what is -10683635 - 7?
-10683643
In base 15, what is 0 - 54b5e0?
-54b5e0
In base 7, what is -510564 - -63?
-510501
In base 2, what is 1011001001001 - 101011111101010111?
-101010100100001110
In base 10, what is 6367234 - 47?
6367187
In base 6, what is 23415203243 + 2?
23415203245
In base 6, what is -250550103 + -103?
-250550210
In base 5, what is -212124 + -12411?
-230040
In base 7, what is 114 + 1322661?
1323105
In base 7, what is -516334250 + 21?
-516334226
In base 8, what is -57154305 + 1?
-57154304
In base 12, what is 4 - -85a1b3b?
85a1b43
In base 4, what is -1112 + 203113?
202001
In base 16, what is 5 + 1b7fb7?
1b7fbc
In base 7, what is 12 - -120026543?
120026555
In base 9, what is -27 - -31766688?
31766661
In base 8, what is 1 + 141304460?
141304461
In base 5, what is 3 + 2130202143?
2130202201
In base 16, what is 3 + -30d565?
-30d562
In base 10, what is -4 + -134519384?
-134519388
In base 7, what is 1402212525 - -5?
1402212533
In base 2, what is 1111001101011010011 + -100111010?
1111001100110011001
In base 8, what is 26512 - 1216?
25274
In base 16, what is -14b6 + -298e?
-3e44
In base 4, what is 3030 + -3032310322?
-3032301232
In base 2, what is -10100111001011011100 - 110?
-10100111001011100010
In base 11, what is 23424039 + 6?
23424044
In base 8, what is 5 - 361277050?
-361277043
In base 10, what is -3 + 51580462?
51580459
In base 6, what is -1230431350 + 3?
-1230431343
In base 11, what is -8079 + -208?
-8286
In base 15, what is -ddeae - 33?
-ddee2
In base 11, what is 4320123 - -4?
4320127
In base 8, what is -37337074 + -4?
-37337100
In base 2, what is 10001 + 111001010001111001001101101?
111001010001111001001111110
In base 14, what is 5daa29b - 0?
5daa29b
In base 14, what is 10689 + 82a?
110b5
In base 7, what is -42 + 565542642?
565542600
In base 12, what is 88a60a + -3?
88a607
In base 6, what is 54334 + -41225?
13105
In base 12, what is -78 + -94979?
-94a35
In base 16, what is -1e - -e4f42?
e4f24
In base 7, what is 406301 - 414?
405554
In base 9, what is 15 - 56762583?
-56762567
In base 3, what is 102 + 1112110121101?
1112110121210
In base 12, what is 1014 + 880?
1894
In base 4, what is -10 + 1212133310132?
1212133310122
In base 13, what is 2 + -1419c14c?
-1419c14a
In base 10, what is -2637241 - 57?
-2637298
In base 14, what is 19c6890d + 3?
19c68912
In base 10, what is -4 + 4279946?
4279942
In base 12, what is -5 - 5709a2?
-5709a7
In base 13, what is 1ca3656b7 - -5?
1ca3656bc
In base 16, what is 2eb - -1cac?
1f97
In base 16, what is -a183 + f3?
-a090
In base 4, what is -11 + -11331222303?
-11331222320
In base 15, what is 165 - -147995?
147b0a
In base 6, what is -232140 - 351232?
-1023412
In base 12, what is 43b45 - 59?
43aa8
In base 7, what is -433141 + -551?
-434022
In base 13, what is b + -c453?
-c445
In base 14, what is -d4582 + -25?
-d45a7
In base 12, what is 48902024 + 4?
48902028
In base 2, what is -1001010010101111000 + 100000000?
-1001010010001111000
In base 15, what is -a4 + 98754?
986a0
In base 5, what is 22200 + 2400020?
2422220
In base 10, what is 107294 + 55?
107349
In base 16, what is -125f48b - -5?
-125f486
In base 16, what is -4a95 - 53?
-4ae8
In base 16, what is -9332a + -f5?
-9341f
In base 13, what is -32 - -603366?
603334
In base 11, what is -109 - -1695188?
169507a
In base 5, what is 10424301122 + 0?
10424301122
In base 5, what is 3100234244 - -20?
3100234314
In base 15, what is 209 - -c52d?
c737
In base 14, what is -716c5 - 68?
-7174d
In base 6, what is 3455025 + -523?
3454102
In base 5, what is -20222 + -1140100?
-1210322
In base 8, what is 2413 - -234?
2647
In base 4, what is 130001 + -133100?
-3033
In base 5, what is -243013 + -344332?
-1142400
In base 12, what is 94 + -958a8?
-95814
In base 5, what is -43343014140 + 3?
-43343014132
In base 15, what is 3ce9c + 1ad4?
3ea81
In base 16, what is 2ce5 + 9e?
2d83
In base 3, what is 10 + 11002201222202?
11002201222212
In base 10, what is -650 - 223004?
-223654
In base 8, what is 102 + 1173171?
1173273
In base 10, what is 85720361 - -3?
85720364
In base 9, what is -5 + -4804234?
-4804240
In base 3, what is 201001220101 - 202220?
201001010111
In base 9, what is 36306 + 821?
37227
In base 13, what is -70613 + 3?
-70610
In base 2, what is 0 + -111001100011110001000?
-111001100011110001000
In base 14, what is -5 - 8d1d50?
-8d1d55
In base 2, what is 11110110010000111111 - 110111?
11110110010000001000
In base 9, what is 77072642 - 13?
77072628
In base 12, what is 1aa - 1b8b4?
-1b706
In base 8, what is -34135 - -51253?
15116
In base 13, what is -92 + -29ba32?
-29bac4
In base 9, what is 616201021 + -4?
616201016
In base 11, what is -523 - -155294?
154871
In base 3, what is -2010 - 100111210000?
-100111212010
In base 10, what is -27588675 + 3?
-27588672
In base 15, what is -35 - -7b302?
7b2bc
In base 16, what is -8c68c + -126?
-8c7b2
In base 9, what is -1702 - -8383?
6581
In base 7, what is -13546 - 235100?
-251646
In base 11, what is 105840 + 237?
105a77
In base 7, what is 234 + 11123011?
11123245
In base 6, what is 1105 + -302221?
-301112
In base 2, what is -10001101111001100110110111 - 100?
-10001101111001100110111011
In base 13, what is 2 - -b69478?
b6947a
In base 11, what is -915200 - -46?
-915165
In base 10, what is -15 + 17562244?
17562229
In base 15, what is 5 - -65e